e the prime factors of c?
2, 13
Let i(n) = n**2 - 3*n + 1. List the prime factors of i(-7).
71
Suppose 0*b - 4*s + 54 = 2*b, s = -b + 29. What are the prime factors of b?
31
Let z = -101 + 192. What are the prime factors of z?
7, 13
Let y be ((-36)/30)/((-2)/60). Let a = 75 - y. List the prime factors of a.
3, 13
Suppose 3*g + 11 = -79. Suppose -5*f = h + 11, f - 3 + 10 = h. List the prime factors of (h/(-6))/(2/g).
2, 5
Suppose 264 = 4*d + 4*k, 6*d + 2*k = 3*d + 201. What are the prime factors of d?
3, 23
Suppose 0 = -u + 46 + 48. List the prime factors of u.
2, 47
Let a = 46 - -40. List the prime factors of a.
2, 43
Suppose 3*x - 1 = 2*x. Let c(j) = 5*j**3 + j**2 - 1. Let m be c(x). Let p = m + -2. What are the prime factors of p?
3
Let p(x) be the third derivative of -x**4/6 - x**2. Let y(u) = -2*u + 3. Let t be y(2). List the prime factors of p(t).
2
Suppose -3*h + 52 = -h. What are the prime factors of h?
2, 13
Let a = 0 - 0. Let u(n) = -4*n + 26. Let g be u(6). What are the prime factors of -36*(a - g/4)?
2, 3
Let z be (-4)/6 - (-834)/9. Suppose -3*o - o = -z. List the prime factors of o.
23
Let k = 171 + -90. List the prime factors of k.
3
Let o = -28 + 82. What are the prime factors of o?
2, 3
Suppose 2*y - 15 = -3*y. Let f(m) = -4*m + 11*m**2 + 3*m + y*m**2 - 1. List the prime factors of f(-1).
2, 7
Suppose 6 = 3*d, 0 = -0*n + 2*n + 4*d - 4. Let a be ((-3)/4)/(n/(-24)). Let j(v) = v**3 + 10*v**2 + 10*v + 13. List the prime factors of j(a).
2
Let x(t) = t**2 - 2*t + 3. Let n be x(2). Suppose 4*q = 71 - n. Let h = q + -9. What are the prime factors of h?
2
Let o(u) = u**2 + 5*u - 6. Let w = -17 + 10. What are the prime factors of o(w)?
2
Suppose -2*o - 2*o + 16 = 0, 288 = 4*f + 3*o. List the prime factors of f.
3, 23
Let n = -16 + 44. What are the prime factors of n?
2, 7
Let o = 37 - 21. What are the prime factors of o?
2
Let q = -4 - -8. Suppose 31 = 5*s - q*f, 0*f + 4 = 4*f. List the prime factors of s.
7
Let o(g) be the third derivative of -g**6/120 - 11*g**5/60 - g**4/12 - 13*g**3/6 + 2*g**2. What are the prime factors of o(-11)?
3
Let r(b) be the first derivative of 1 - b**2 + 2 - 2. What are the prime factors of r(-1)?
2
Let z(m) = -m - 2. Let p = 9 - 17. Let x be z(p). What are the prime factors of (26/3)/(4/x)?
13
Let t = -1 + 1. Suppose 4*r + 3 + 9 = 4*w, 2*w - 5*r + 6 = t. Suppose 0 = -4*p - w + 39. List the prime factors of p.
2
Let m(g) = 21*g + 11. List the prime factors of m(6).
137
Let z = -73 - -112. What are the prime factors of z?
3, 13
Suppose n - 2*y = 58, -98 = -2*n - y - y. What are the prime factors of n?
2, 13
Let l = -74 - -126. What are the prime factors of l?
2, 13
Let f = 328 + -224. What are the prime factors of f?
2, 13
Let s(d) be the second derivative of -d**4/12 - 5*d**3/6 + d**2 - d. Let c = -2 - 2. What are the prime factors of s(c)?
2, 3
Let z(j) = j**3 - 7*j**2 + 3*j - 7. Let s be z(6). Let b = -13 - s. Let c = 23 - b. What are the prime factors of c?
11
Suppose 5*o - 175 = 160. List the prime factors of o.
67
Suppose 1 = -2*z + 5. Let j = 23 - 15. Suppose -j = -z*k + 12. What are the prime factors of k?
2, 5
Let f = -20 - -27. What are the prime factors of f?
7
Let f be 59/7 - 12/28. Let t(j) = j**2 - 7*j - 6. List the prime factors of t(f).
2
Let r be ((-2)/2)/((-1)/4). Suppose -3*u + 17 = r*c, -5*u + 2*c + 21 = 5*c. Suppose 0 = z + u*z - 36. List the prime factors of z.
3
Suppose 0*o - 3*o + 123 = 0. List the prime factors of o.
41
Let t = 30 - -7. List the prime factors of t.
37
Suppose -5*w = -5*n - 10, n = 3*w - 4*n. Let b(g) = 3*g - 3. Let f be b(2). Suppose 5*u = -0*u + 5*a + 5, w = f*u - 2*a. What are the prime factors of u?
3
List the prime factors of ((4/(-1))/(-2))/((-11)/(-506)).
2, 23
Let r = 9 + -4. Suppose g - 4*g - 5*z = -103, -3*z = g - 41. Suppose 2*h = -r*l - 2*h + g, 0 = -h + 4. List the prime factors of l.
2
List the prime factors of 4/(-6) - 4117/(-69).
59
List the prime factors of (-2)/(-6) - (-267)/9.
2, 3, 5
Let n = 24 - -12. List the prime factors of n.
2, 3
Suppose -a = a. Suppose a = -5*k - 0*k - 10. What are the prime factors of 76/12 - k/(-6)?
2, 3
Suppose i + 29 = 4*j + 85, -2*i - 5*j + 47 = 0. List the prime factors of i.
2, 3
Suppose -3*q + 2*h + 66 = 0, 66 = 3*q - 0*q + 2*h. Suppose a = -2*r + 27, q = -5*r - 4*a + 88. List the prime factors of r.
2, 7
Let a(x) = x**2 + 7*x - 2. Suppose 4*l + 20 + 16 = 0. Let g be a(l). Suppose i - g = -i. What are the prime factors of i?
2
Let j(w) = w + 1. Let r be j(-1). Suppose 5*f + n + 27 = -2*n, r = 3*f - 4*n + 22. What are the prime factors of -14*(9/f + 1)?
7
Suppose -2 = -2*i + 14. Suppose -i = -4*q + 56. List the prime factors of q.
2
Let m(h) = -5*h**2 + 1. Let x be m(-2). Suppose 6*f - 2*f - v - 117 = 0, -2*f = -v - 61. Let l = x + f. List the prime factors of l.
3
Let p = 83 - 38. Suppose l + 4*x = 5*l, 4*l = -5*x + p. List the prime factors of l.
5
Let g(a) = 4*a + 4. What are the prime factors of g(4)?
2, 5
List the prime factors of (-423)/(-4) - ((-39)/12 - -3).
2, 53
Let i be 2 - (4 - 2 - -35). Let o = i + 24. What are the prime factors of (-1 - (-2 - o))/(-2)?
5
Suppose 0 = -2*v - 0*i - 2*i + 8, -13 = -v - 4*i. Let c = v + 0. Let x = c - -10. List the prime factors of x.
11
Let n(a) = -4*a - 3*a - 1 - 4*a. Let z be n(-1). What are the prime factors of (-114)/(-15) - (-4)/z?
2
Suppose -4*k + 3*h + 26 = h, -2*h - 30 = -5*k. List the prime factors of k.
2
Let v = 338 - 185. What are the prime factors of v?
3, 17
Suppose -53 = -4*p - 5*z, 0 = -2*z - 3*z + 5. What are the prime factors of p?
2, 3
Let z = 72 + -25. What are the prime factors of z?
47
Let g = 51 + -47. List the prime factors of g.
2
Suppose -5*u + 2*c + 678 = -0*u, 3*c + 269 = 2*u. Suppose 62 + u = 6*z. What are the prime factors of z?
3, 11
Suppose -i = -0*i - 37. List the prime factors of i.
37
What are the prime factors of -4*(11/(-5))/((-20)/(-25))?
11
Suppose -3*z + 5*m = -510, -m - m = -z + 171. List the prime factors of z.
3, 5, 11
Let p = -14 + 20. List the prime factors of p.
2, 3
Suppose 0 = -0*b + b - 12. Suppose -c = -4*c + b. List the prime factors of c.
2
Let t = 22 + 6. List the prime factors of t.
2, 7
What are the prime factors of 6 - (3 - 2)/(-1)?
7
Let c(h) = 2*h**2 + 0 - 1 - h**2. Let i(o) = o**3 + 7*o**2 + 7*o + 8. Let l be i(-6). What are the prime factors of c(l)?
3
Suppose 4*g - 42 + 6 = 0. Let j(t) = -t + 8. Let v be j(4). Let h = g - v. List the prime factors of h.
5
Let j be (21/(-15))/((-3)/15). Suppose -j - 16 = -h. What are the prime factors of h?
23
Suppose 4*k = -3*c + 641, -c - 2*c - 325 = -2*k. List the prime factors of k.
7, 23
Let p(b) = b**3 + 8*b**2 - 3*b - 8. Let o be p(-8). Suppose -o = -k - k. What are the prime factors of k?
2
Suppose 2*b + 2 = 3*x, -b - 1 - 3 = -3*x. Suppose -b*s = g + 17 - 55, -2*s + 5*g = -26. Suppose l + s = 4*l. List the prime factors of l.
2, 3
Let m(g) = g**2 + g + 26. Let q be m(0). Let y = 46 - q. List the prime factors of y.
2, 5
Suppose 4*b = 3*b - 9. Let w be 7/3 + 3/b. What are the prime factors of (-1 - -2)*14/w?
7
Suppose 2*q + 57 = -23. Let d be (-728)/q - 1/5. Suppose -d = -l - 5. What are the prime factors of l?
13
Suppose n + 2*f - 30 = 0, -3*n + 5*f = -n - 24. What are the prime factors of n?
2, 11
Let f be (-12)/(-7) - (-6)/21. Let h(y) = -3*y - y**f - y**3 + 2*y**3 - 4 + 1. What are the prime factors of h(3)?
2, 3
Let x = 12 - 11. Suppose -2*l - x = 1. List the prime factors of (6*-7)/(-3) + l.
13
Let n(d) = -56*d - 29. List the prime factors of n(-6).
307
Let j be 3 + -1 - (-2 - -2). Suppose -j*i - 3*i = -120. What are the prime factors of i?
2, 3
Suppose 2*f + 7 = 13. What are the prime factors of 4 + f - (2 - -1)?
2
Suppose -u + 29 = -2*u. Let g = u - -54. What are the prime factors of g?
5
Let i be 6/(-4)*-6 + 1. Suppose 3*n + 32 = -y + 6*y, -3*y + 28 = -4*n. Suppose i - 2 = y*m. What are the prime factors of m?
2
Let k be ((-2)/4 - -1)*0. Suppose -20 = -k*r - 2*r. Suppose 3*m + g = 2*m + 3, -2*g = 3*m - r. List the prime factors of m.
2
Suppose 3*b - 44 = b. What are the prime factors of b?
2, 11
Suppose 0 = -5*o - 2*w + 13, -3*o - w = -0*o - 8. List the prime factors of 27/4 + o/12.
7
Suppose -w = 4*k - 5*w - 600, 0 = k - 5*w - 162. What are the prime factors of k